66.
2, 180533
List the prime factors of 1750612.
2, 437653
What are the prime factors of 314080?
2, 5, 13, 151
What are the prime factors of 675024?
2, 3, 7, 41
What are the prime factors of 6739936?
2, 7, 30089
What are the prime factors of 498925?
5, 7, 2851
What are the prime factors of 138718?
2, 43, 1613
What are the prime factors of 961238?
2, 61, 7879
List the prime factors of 754767.
3, 13, 6451
What are the prime factors of 1179343?
11, 29, 3697
What are the prime factors of 2966672?
2, 157, 1181
List the prime factors of 1400022.
2, 3, 13, 31, 193
List the prime factors of 9450125.
5, 19, 23, 173
What are the prime factors of 182799?
3, 19, 1069
List the prime factors of 15713995.
5, 11, 285709
What are the prime factors of 1694852?
2, 423713
List the prime factors of 5285577.
3, 11, 160169
What are the prime factors of 132145?
5, 13, 19, 107
What are the prime factors of 112910?
2, 5, 7, 1613
List the prime factors of 6542268.
2, 3, 545189
List the prime factors of 2485098.
2, 3, 7, 11, 163
List the prime factors of 11074968.
2, 3, 211
List the prime factors of 984902.
2, 41, 12011
List the prime factors of 16346598.
2, 3, 73, 37321
What are the prime factors of 280993?
17, 16529
What are the prime factors of 288267?
3, 7, 37, 53
List the prime factors of 270414.
2, 3, 83, 181
List the prime factors of 195936.
2, 3, 13, 157
What are the prime factors of 338874?
2, 3, 56479
What are the prime factors of 249963?
3, 7, 11903
What are the prime factors of 12875362?
2, 29, 221989
List the prime factors of 647504.
2, 11, 13, 283
List the prime factors of 388223.
11, 29, 1217
What are the prime factors of 2533177?
2533177
List the prime factors of 3109482.
2, 3, 89, 647
List the prime factors of 19160275.
5, 17, 45083
List the prime factors of 2036087.
47, 43321
What are the prime factors of 7778354?
2, 61, 103, 619
What are the prime factors of 373663?
37, 10099
List the prime factors of 2269552.
2, 83, 1709
List the prime factors of 178960.
2, 5, 2237
What are the prime factors of 24908534?
2, 7, 643, 2767
What are the prime factors of 7627800?
2, 3, 5, 12713
List the prime factors of 724145.
5, 144829
List the prime factors of 96075.
3, 5, 7, 61
List the prime factors of 4282505.
5, 19, 61, 739
List the prime factors of 836189.
836189
List the prime factors of 1029439.
19, 54181
What are the prime factors of 3327717?
3, 19, 79, 739
List the prime factors of 239527.
239527
List the prime factors of 14665345.
5, 1447, 2027
What are the prime factors of 270923?
270923
List the prime factors of 1217877.
3, 405959
What are the prime factors of 854874?
2, 3, 1759
What are the prime factors of 1597630?
2, 5, 159763
What are the prime factors of 56640?
2, 3, 5, 59
What are the prime factors of 79516?
2, 103, 193
What are the prime factors of 1020527?
17, 173, 347
What are the prime factors of 4007028?
2, 3, 131, 2549
List the prime factors of 1696944.
2, 3, 35353
List the prime factors of 2349055.
5, 469811
What are the prime factors of 5673446?
2, 103, 27541
What are the prime factors of 15343721?
15343721
List the prime factors of 214256.
2, 7, 1913
What are the prime factors of 13142447?
13142447
What are the prime factors of 224408?
2, 28051
List the prime factors of 12426975.
3, 5, 11, 5021
What are the prime factors of 317896?
2, 79, 503
List the prime factors of 1100709.
3, 107, 127
What are the prime factors of 797216?
2, 7, 3559
List the prime factors of 204827.
7, 29, 1009
List the prime factors of 2297175.
3, 5, 109, 281
List the prime factors of 21562018.
2, 17, 634177
List the prime factors of 546984.
2, 3, 71, 107
List the prime factors of 2919602.
2, 7, 107, 1949
List the prime factors of 567454.
2, 19, 109, 137
What are the prime factors of 146109?
3, 113, 431
List the prime factors of 456042.
2, 3, 17, 263
What are the prime factors of 1798251?
3, 7, 13, 941
List the prime factors of 1321688.
2, 165211
List the prime factors of 645965.
5, 129193
List the prime factors of 2112527.
23, 53, 1733
What are the prime factors of 837656?
2, 104707
List the prime factors of 5265051.
3, 11, 103, 1549
List the prime factors of 69514.
2, 34757
List the prime factors of 2482140.
2, 3, 5, 41, 1009
What are the prime factors of 536185?
5, 13, 73, 113
List the prime factors of 2129489.
43, 49523
List the prime factors of 542394.
2, 3, 30133
List the prime factors of 5385390.
2, 3, 5, 89, 2017
List the prime factors of 1415001.
3, 7, 43, 1567
List the prime factors of 112190.
2, 5, 13, 863
List the prime factors of 22257.
3, 2473
List the prime factors of 1509030.
2, 3, 5, 23
List the prime factors of 168607.
139, 1213
List the prime factors of 72428.
2, 19, 953
List the prime factors of 2670949.
71, 37619
List the prime factors of 214546.
2, 107273
What are the prime factors of 257198?
2, 128599
What are the prime factors of 347126?
2, 13, 79
What are the prime factors of 30595?
5, 29, 211
What are the prime factors of 558960?
2, 3, 5, 17, 137
List the prime factors of 15139335.
3, 5, 1009289
List the prime factors of 91901.
29, 3169
What are the prime factors of 232611?
3, 17, 4561
What are the prime factors of 2190114?
2, 3, 281, 433
List the prime factors of 1603970.
2, 5, 160397
What are the prime factors of 441583?
29, 15227
What are the prime factors of 55745?
5, 11149
List the prime factors of 109263.
3, 7, 11, 43
What are the prime factors of 2386711?
127, 18793
List the prime factors of 2482104.
2, 3, 103421
What are the prime factors of 13798542?
2, 3, 47, 167, 293
List the prime factors of 2664286.
2, 571, 2333
List the prime factors of 9416781.
3, 11, 73, 1303
List the prime factors of 105793.
67, 1579
What are the prime factors of 14030944?
2, 438467
What are the prime factors of 118751?
118751
What are the prime factors of 2275917?
3, 7, 108377
What are the prime factors of 4567122?
2, 3, 7, 67, 541
What are the prime factors of 4947907?
2027, 2441
List the prime factors of 196605.
3, 5, 17, 257
What are the prime factors of 228769?
17, 13457
List the prime factors of 46803.
3, 15601
List the prime factors of 741484.
2, 185371
List the prime factors of 1296051.
3, 41, 257
What are the prime factors of 7792?
2, 487
List the prime factors of 6708987.
3, 9203
What are the prime factors of 2756?
2, 13, 53
What are the prime factors of 687287?
19, 61, 593
List the prime factors of 2102208.
2, 3, 10949
List the prime factors of 702631.
59, 11909
List the prime factors of 1967926.
2, 23, 179, 239
What are the prime factors of 3735773?
3735773
What are the prime factors of 1135407?
3, 7, 13, 4159
List the prime factors of 8328602.
2, 139, 29959
List the prime factors of 17515789.
17515789
List the prime factors of 483594.
2, 3, 80599
What are the prime factors of 394741?
599, 659
List the prime factors of 1108338.
2, 3, 7, 11, 2399
What are the prime factors of 139230?
2, 3, 5, 7, 13, 17
List the prime factors of 4550978.
2, 1103, 2063
List the prime factors of 21033184.
2, 307, 2141
What are the prime factors of 984076?
2, 157, 1567
List the prime factors of 4140782.
2, 23, 90017
What are the prime factors of 9995348?
2, 11, 227167
List the prime factors of 790099.
790099
What are the prime factors of 183977?
19, 23, 421
List the prime factors of 233466.
2, 3, 167, 233
List the prime factors of 795107.
17, 46771
What are the prime factors of 1879975?
5, 139, 541
List the prime factors of 1315850.
2, 5, 26317
List the prime factors of 954886.
2, 223, 2141
What are the prime factors of 362455?
5, 71, 1021
List the prime factors of 121719.
3, 13, 3121
List the prime factors of 3924656.
2, 245291
What are the prime factors of 2322632?
2, 13, 23, 971
List the prime factors of 2810765.
5, 19, 29587
List the prime factors of 2130302.
2, 397, 2683
List the prime factors of 680363.
23, 29581
List the prime factors of 2011998.
2, 3, 71, 4723
List the prime factors of 23057974.
2, 11528987
What are the prime factors of 32599145?
5, 6519829
List the prime factors of 199185.
3, 5, 7, 271
What are the prime factors of 216757?
216757
List the prime factors of 1371068.
2, 31, 11057
List the prime factors of 1637286.
2, 3, 7, 5569
What are the prime factors of 6517574?
2, 7, 465541
What are the prime factors of 10527956?
2, 2631989
List the prime f